{"id":80,"date":"2021-05-08T14:56:29","date_gmt":"2021-05-08T14:56:29","guid":{"rendered":"http:\/\/chanomontes.com\/?page_id=15"},"modified":"2022-01-28T15:16:06","modified_gmt":"2022-01-28T13:16:06","slug":"producciones","status":"publish","type":"page","link":"http:\/\/chanomontes.com\/index.php\/producciones\/","title":{"rendered":"PRODUCCIONES"},"content":{"rendered":"\n<p>CHANO MONTES PRODUCCIONES<br>Productora creadora de m\u00fasica para obras de teatro, concierto y conmemoraciones puntuales.Estrenos m\u00e1s destacados:<br><br>LOS ENTREMESES DE CERVANTES<br>Obra teatral original de Enrique Ortembach, estrenada en el Teatro Griego de Barcelona<br>por la Compa\u00f1\u00eda Luis Prendes y Emilia Aliaga, con temas musicales originales de Chano Montes, de car\u00e1cter cervantino. Despu\u00e9s de la celebraci\u00f3n de dicho estreno, la m\u00fasica del compositor qued\u00f3 anexionada al libreto para posteriores representaciones.<\/p>\n\n\n\n<p>CLEMENTINA<br>Comedia estrenada en el Teatro Romea de Barcelona por la Compa\u00f1\u00eda Josefina G\u00fcell , con la canci\u00f3n de Chano Montes como tema central .<br>SOLO DE VIOL\u00cdN<br>Obra de teatro experimental estrenada en el Teatro Candilejas de Barcelona bajo la direcci\u00f3n de Antonio Chic, con varios temas musicales originales de Chano Montes.<\/p>\n\n\n\n<p><br>FLAMA SENYERA, Himno del deporte catal\u00e1n.Encargo de la Direcci\u00f3n General del Deporte de la Generalitat (Gobierno de Catalu\u00f1a) , obra para coro y orquesta, interpretada por la Coral Polif\u00f3nica de Puig-reig bajo la direcci\u00f3n del maestro Ram\u00f3n Noguera, estrenada en el Palau de la Generalitat en presencia del Presidente del Gobierno Honorable JORDI PUJOL, Presidente del Comit\u00e9 Ol\u00edmpico Internacional Excmo. Sr. D. JUAN ANTONIO SAMARANCH y otras autoridades pol\u00edticas y deportivas con motivo de los Juegos Ol\u00edmpicos BARCELONA 92.<\/p>\n\n\n\n<p><br>HIMNO DE EXPOCULTURA<br>Canto de identidad de la Mostra Cultural y Artesana de Catalunya encargado a Chano Montes por el Departamento de Cultura del Gobierno Catal\u00e1n.<br><\/p>\n\n\n\n<p>FESTIVAL LA CANCION DE FORTUNA<br>Chano Montes fu\u00e9 contratado como director art\u00edstico y compositor \u00fanico de las ciento veintiocho canciones, cuyas letras fueron seleccionadas durante las cuatro temporadas del Festival La Canci\u00f3n de Fortuna, transmitido por las emisoras Radio Barcelona, Radio Peninsular y Radio Miramar. Con cuatro finales celebradas en el Palacio de las Naciones de Montjuic (Barcelona) y la colaboraci\u00f3n de la Orquesta Maravella y cualificados artistas.<\/p>\n\n\n\n<p><br>JUAN DIEGO DEL TEPEYAC<br>Obra literario musical con textos, m\u00fasica y canciones de Chano Montes, bajo la direcci\u00f3n del autor, presentada en Ciudad de M\u00e9jico con asistencia del Cardenal Primado Dr. Corripio Ahumada y otras autoridades eclesi\u00e1sticas mejicanas.<br>Fragmento &#8220;Juan Diego del Tepeyac&#8221;<\/p>\n\n\n\n<figure class=\"wp-block-gallery alignwide has-nested-images columns-default is-cropped wp-block-gallery-1 is-layout-flex wp-block-gallery-is-layout-flex\">\n<figure class=\"wp-block-image size-large\"><img decoding=\"async\" data-id=\"77\" src=\"http:\/\/chanomontes.com\/wp-content\/uploads\/2021\/05\/brindis-PresidenteFI-1.jpg\" alt=\"\" class=\"wp-image-77\"\/><\/figure>\n\n\n\n<figure class=\"wp-block-image size-large\"><img decoding=\"async\" data-id=\"78\" src=\"http:\/\/chanomontes.com\/wp-content\/uploads\/2021\/05\/reconocimiento-Presidente.jpg\" alt=\"\" class=\"wp-image-78\"\/><\/figure>\n<\/figure>\n\n\n\n<p><br>CIUDADES COLONIALES<br>Canto de identidad de la Campa\u00f1a y el canto de cada ciudad que la integraban, encargadas a Chano Montes por la Secretar\u00eda de Turismo del Gobierno Mexicano para potenciar tur\u00edsticamente las poblaciones del interior de la naci\u00f3n y sus respectivas identidades, dentro del Programa CIUDADES COLONIALES.<\/p>\n\n\n\n<figure class=\"wp-block-gallery alignwide has-nested-images columns-default is-cropped wp-block-gallery-2 is-layout-flex wp-block-gallery-is-layout-flex\">\n<figure class=\"wp-block-image size-large\"><img loading=\"lazy\" decoding=\"async\" width=\"391\" height=\"366\" data-id=\"75\" src=\"http:\/\/chanomontes.com\/wp-content\/uploads\/2021\/05\/chanopi.jpg\" alt=\"\" class=\"wp-image-75\" srcset=\"http:\/\/chanomontes.com\/wp-content\/uploads\/2021\/05\/chanopi.jpg 391w, http:\/\/chanomontes.com\/wp-content\/uploads\/2021\/05\/chanopi-300x281.jpg 300w\" sizes=\"(max-width: 391px) 100vw, 391px\" \/><\/figure>\n\n\n\n<figure class=\"wp-block-image size-large\"><img loading=\"lazy\" decoding=\"async\" width=\"381\" height=\"315\" data-id=\"76\" src=\"http:\/\/chanomontes.com\/wp-content\/uploads\/2021\/05\/presentacion-de-ciudades-co.jpg\" alt=\"\" class=\"wp-image-76\" srcset=\"http:\/\/chanomontes.com\/wp-content\/uploads\/2021\/05\/presentacion-de-ciudades-co.jpg 381w, http:\/\/chanomontes.com\/wp-content\/uploads\/2021\/05\/presentacion-de-ciudades-co-300x248.jpg 300w\" sizes=\"(max-width: 381px) 100vw, 381px\" \/><\/figure>\n<\/figure>\n\n\n\n<p><br>REQUIEBRO ANDALUZ<br>Obra a piano estrenada en el Gran Teatro de Huelva, interpretada por el concertista BORJA OTERO, director del Conservatorio de M\u00fasica de Huelva. En la presentaci\u00f3n se ley\u00f3 la dedicatoria de la Consejer\u00eda de Cultura de la Junta de Andaluc\u00eda:<br>Fragmento &#8220;Requiebro Andaluz&#8221; (a piano)<br>Fragmento &#8220;Requiebro Andaluz&#8221; (a guitarra)<br>&#8220;REQUIEBRO ANDALUZ forma parte de esa m\u00fasica del sur que llega al sentimiento y nos recuerda emociones que un d\u00eda se aprehendieron sin apenas darnos cuenta y permanecen latentes. Como director del Centro de Documentaci\u00f3n Musical de Andaluc\u00eda, envuelto en pentagramas, recibo este REQUIEBRO como una relaci\u00f3n amorosa de su autor con Andaluc\u00eda, \u201cla ni\u00f1a del Mediterr\u00e1neo\u201d, pincelada de colores y timbres vivos tan apegados al paisaje que nos viene acompa\u00f1ando.<br>REQUIEBRO ANDALUZ solo dura seis minutos. Pero son seis minutos para recordar mucho tiempo\u2026&#8221;<br>ESTEBAN VALDIVIESO GARCIA, Consejer\u00eda de Cultura.<br>Posteriormente, versi\u00f3n de dicha obra para guitarra, interpretada por el concertista CARLES TREPAT y en preparaci\u00f3n versi\u00f3n para canto y piano.<br>PIR\u00c1MIDE (en curso),<br>Cantata para la Paz y los ni\u00f1os del mundo, a orquesta y coro, con voz en \u201coff\u201d que narra la epopeya del pueblo Tolteca, precursor de las civilizaciones Maya y Azteca, que en el a\u00f1o 400 despu\u00e9s de Cristo recibi\u00f3 la visita de un dios no esperado en una misi\u00f3n de paz y ayuda a un pueblo y una infancia en peligro.<\/p>\n\n\n\n<p><br>Chano Montes, autor de textos y m\u00fasica, ha tenido como fuentes de consulta obras de Bernardino de Sahag\u00fan, Pi\u00f1a Chan, Le\u00f3n-Portilla, Walter Krickeberg, Laurette Sejourn\u00e9 y George Brainerd. Con la asesor\u00eda personal del profesor de la Facultad de Geograf\u00eda e Historia de Barcelona Dr. Jordi Gusiny\u00e9, especializado en Historia de Am\u00e9rica prehisp\u00e1nica.<br>En una presentaci\u00f3n privada del proyecto, el Director general de UNESCO Dr. Federico Mayor Zaragoza expres\u00f3 : \u201cPIR\u00c1MIDE demuestra una especial sensibilidad en torno a las ra\u00edces culturales de los pueblos hispanoamericanos. \u201c<\/p>\n\n\n\n<p><br>Para informaci\u00f3n, e-mail:<a href=\"mailto:chanomontes@yahoo.com\" target=\"_blank\" rel=\"noreferrer noopener\" title=\" info@chanomontes.com\"> info@chanomontes.com<\/a><br><\/p>\n\n\n\n<hr class=\"wp-block-separator is-style-wide\"\/>\n","protected":false},"excerpt":{"rendered":"<p>CHANO MONTES PRODUCCIONESProductora creadora de m\u00fasica para obras de teatro, concierto y conmemoraciones puntuales.Estrenos m\u00e1s destacados: LOS ENTREMESES DE CERVANTESObra teatral original de Enrique Ortembach, estrenada en el Teatro Griego de Barcelonapor la Compa\u00f1\u00eda Luis Prendes y Emilia Aliaga, con temas musicales originales de Chano Montes, de car\u00e1cter cervantino. Despu\u00e9s de la celebraci\u00f3n de dicho &hellip; <\/p>\n<p class=\"link-more\"><a href=\"http:\/\/chanomontes.com\/index.php\/producciones\/\" class=\"more-link\">Continua llegint <span class=\"screen-reader-text\">\u00abPRODUCCIONES\u00bb<\/span><\/a><\/p>\n","protected":false},"author":1,"featured_media":55,"parent":0,"menu_order":0,"comment_status":"closed","ping_status":"closed","template":"","meta":{"om_disable_all_campaigns":false,"_monsterinsights_skip_tracking":false,"_monsterinsights_sitenote_active":false,"_monsterinsights_sitenote_note":"","_monsterinsights_sitenote_category":0,"footnotes":""},"aioseo_notices":[],"_links":{"self":[{"href":"http:\/\/chanomontes.com\/index.php\/wp-json\/wp\/v2\/pages\/80"}],"collection":[{"href":"http:\/\/chanomontes.com\/index.php\/wp-json\/wp\/v2\/pages"}],"about":[{"href":"http:\/\/chanomontes.com\/index.php\/wp-json\/wp\/v2\/types\/page"}],"author":[{"embeddable":true,"href":"http:\/\/chanomontes.com\/index.php\/wp-json\/wp\/v2\/users\/1"}],"replies":[{"embeddable":true,"href":"http:\/\/chanomontes.com\/index.php\/wp-json\/wp\/v2\/comments?post=80"}],"version-history":[{"count":1,"href":"http:\/\/chanomontes.com\/index.php\/wp-json\/wp\/v2\/pages\/80\/revisions"}],"predecessor-version":[{"id":113,"href":"http:\/\/chanomontes.com\/index.php\/wp-json\/wp\/v2\/pages\/80\/revisions\/113"}],"wp:featuredmedia":[{"embeddable":true,"href":"http:\/\/chanomontes.com\/index.php\/wp-json\/wp\/v2\/media\/55"}],"wp:attachment":[{"href":"http:\/\/chanomontes.com\/index.php\/wp-json\/wp\/v2\/media?parent=80"}],"curies":[{"name":"wp","href":"https:\/\/api.w.org\/{rel}","templated":true}]}}